{"id":2362,"date":"2017-09-29T16:30:20","date_gmt":"2017-09-29T16:30:20","guid":{"rendered":"https:\/\/elementor3.thembay.com\/puca\/?post_type=product&#038;p=2362"},"modified":"2024-12-07T16:40:39","modified_gmt":"2024-12-07T16:40:39","slug":"giay-nam-choi-tennis","status":"publish","type":"product","link":"https:\/\/8273.matbao.website\/index.php\/product\/giay-nam-choi-tennis\/","title":{"rendered":"Gi\u00e0y nam ch\u01a1i tennis"},"content":{"rendered":"<p>Gi\u00e0y ch\u01a1i tennis l\u00e0 m\u1ed9t ph\u1ea7n kh\u00f4ng th\u1ec3 thi\u1ebfu trong h\u00e0nh trang c\u1ee7a b\u1ea5t k\u1ef3 ng\u01b0\u1eddi ch\u01a1i n\u00e0o, v\u00e0 gi\u00e0y tennis nam \u0111\u01b0\u1ee3c thi\u1ebft k\u1ebf \u0111\u1ec3 mang l\u1ea1i s\u1ef1 tho\u1ea3i m\u00e1i, h\u1ed7 tr\u1ee3 v\u00e0 hi\u1ec7u su\u1ea5t t\u1ed1i \u01b0u cho c\u00e1c tay v\u1ee3t \u1edf m\u1ecdi c\u1ea5p \u0111\u1ed9. V\u1edbi s\u1ef1 k\u1ebft h\u1ee3p gi\u1eefa c\u00f4ng ngh\u1ec7 hi\u1ec7n \u0111\u1ea1i v\u00e0 phong c\u00e1ch th\u1eddi trang, gi\u00e0y tennis nam \u0111\u00e1p \u1ee9ng ho\u00e0n h\u1ea3o m\u1ecdi nhu c\u1ea7u c\u1ee7a ng\u01b0\u1eddi ch\u01a1i tr\u00ean s\u00e2n \u0111\u1ea5u.<\/p>\n<h3><strong>Thi\u1ebft k\u1ebf b\u1ec1n b\u1ec9 v\u00e0 hi\u1ec7n \u0111\u1ea1i<\/strong><\/h3>\n<p>Gi\u00e0y tennis nam \u0111\u01b0\u1ee3c ch\u1ebf t\u1ea1o \u0111\u1ec3 ch\u1ecbu \u0111\u01b0\u1ee3c nh\u1eefng \u0111i\u1ec1u ki\u1ec7n kh\u1eafc nghi\u1ec7t c\u1ee7a c\u00e1c tr\u1eadn \u0111\u1ea5u k\u00e9o d\u00e0i.<\/p>\n<ul>\n<li><strong>Ph\u1ea7n tr\u00ean (Upper):<\/strong> S\u1eed d\u1ee5ng ch\u1ea5t li\u1ec7u l\u01b0\u1edbi (mesh) cao c\u1ea5p ho\u1eb7c da t\u1ed5ng h\u1ee3p, gi\u00fap t\u0103ng c\u01b0\u1eddng \u0111\u1ed9 tho\u00e1ng kh\u00ed v\u00e0 gi\u1ea3m tr\u1ecdng l\u01b0\u1ee3ng gi\u00e0y. C\u00e1c l\u1edbp gia c\u1ed1 \u1edf m\u0169i v\u00e0 hai b\u00ean gi\u00e0y b\u1ea3o v\u1ec7 ch\u00e2n tr\u01b0\u1edbc nh\u1eefng chuy\u1ec3n \u0111\u1ed9ng m\u1ea1nh ho\u1eb7c ma s\u00e1t tr\u00ean s\u00e2n.<\/li>\n<li><strong>\u0110\u1ebf ngo\u00e0i (Outsole):<\/strong> L\u00e0m t\u1eeb cao su ch\u1ea5t l\u01b0\u1ee3ng cao, \u0111\u01b0\u1ee3c thi\u1ebft k\u1ebf v\u1edbi c\u00e1c hoa v\u0103n r\u00e3nh b\u00e1m \u0111\u1eb7c bi\u1ec7t \u0111\u1ec3 t\u0103ng \u0111\u1ed9 ma s\u00e1t v\u00e0 \u1ed5n \u0111\u1ecbnh tr\u00ean m\u1ecdi lo\u1ea1i m\u1eb7t s\u00e2n, t\u1eeb c\u1ee9ng (hard court) \u0111\u1ebfn \u0111\u1ea5t n\u1ec7n (clay court) v\u00e0 s\u00e2n c\u1ecf.<\/li>\n<\/ul>\n<p>Ki\u1ec3u d\u00e1ng gi\u00e0y g\u1ecdn g\u00e0ng, n\u0103ng \u0111\u1ed9ng, \u0111i k\u00e8m v\u1edbi c\u00e1c m\u00e0u s\u1eafc ph\u1ed5 bi\u1ebfn nh\u01b0 tr\u1eafng, \u0111en, xanh d\u01b0\u01a1ng ho\u1eb7c \u0111\u1ecf, ph\u00f9 h\u1ee3p v\u1edbi m\u1ecdi phong c\u00e1ch c\u00e1 nh\u00e2n.<\/p>\n<h3><strong>H\u1ed7 tr\u1ee3 t\u1ed1i \u0111a cho v\u1eadn \u0111\u1ed9ng vi\u00ean tennis<\/strong><\/h3>\n<p>\u0110i\u1ec3m nh\u1ea5n c\u1ee7a gi\u00e0y tennis nam l\u00e0 kh\u1ea3 n\u0103ng h\u1ed7 tr\u1ee3 chuy\u1ec3n \u0111\u1ed9ng nhanh v\u00e0 linh ho\u1ea1t.<\/p>\n<ul>\n<li><strong>\u0110\u1ec7m gi\u1eefa (Midsole):<\/strong> S\u1eed d\u1ee5ng c\u00f4ng ngh\u1ec7 ti\u00ean ti\u1ebfn nh\u01b0 EVA ho\u1eb7c PU \u0111\u1ec7m, gi\u00fap gi\u1ea3m ch\u1ea5n hi\u1ec7u qu\u1ea3 khi di chuy\u1ec3n ho\u1eb7c nh\u1ea3y l\u00ean \u0111\u00e1nh b\u00f3ng. \u0110i\u1ec1u n\u00e0y kh\u00f4ng ch\u1ec9 b\u1ea3o v\u1ec7 kh\u1edbp ch\u00e2n m\u00e0 c\u00f2n gi\u1ea3m thi\u1ec3u s\u1ef1 m\u1ec7t m\u1ecfi sau nh\u1eefng tr\u1eadn \u0111\u1ea5u k\u00e9o d\u00e0i.<\/li>\n<li><strong>C\u00f4ng ngh\u1ec7 ch\u1ed1ng xo\u1eafn (Anti-Torsion):<\/strong> T\u0103ng c\u01b0\u1eddng \u0111\u1ed9 \u1ed5n \u0111\u1ecbnh trong c\u00e1c pha chuy\u1ec3n h\u01b0\u1edbng nhanh ho\u1eb7c d\u1eebng \u0111\u1ed9t ng\u1ed9t, gi\u00fap ng\u01b0\u1eddi ch\u01a1i gi\u1eef v\u1eefng phong \u0111\u1ed9.<\/li>\n<li><strong>C\u1ea5u tr\u00fac \u00f4m ch\u00e2n:<\/strong> Ph\u1ea7n c\u1ed5 gi\u00e0y v\u1eeba v\u1eb7n v\u1edbi c\u1ed5 ch\u00e2n, mang l\u1ea1i c\u1ea3m gi\u00e1c ch\u1eafc ch\u1eafn v\u00e0 tho\u1ea3i m\u00e1i, h\u1ed7 tr\u1ee3 chuy\u1ec3n \u0111\u1ed9ng linh ho\u1ea1t trong m\u1ecdi t\u00ecnh hu\u1ed1ng.<\/li>\n<\/ul>\n<h3><strong>Tho\u00e1ng kh\u00ed v\u00e0 tho\u1ea3i m\u00e1i su\u1ed1t c\u1ea3 ng\u00e0y<\/strong><\/h3>\n<p>\u0110\u1ed1i v\u1edbi m\u00f4n tennis, n\u01a1i ng\u01b0\u1eddi ch\u01a1i ph\u1ea3i di chuy\u1ec3n li\u00ean t\u1ee5c, s\u1ef1 tho\u00e1ng kh\u00ed v\u00e0 d\u1ec5 ch\u1ecbu l\u00e0 y\u1ebfu t\u1ed1 c\u1ef1c k\u1ef3 quan tr\u1ecdng.<\/p>\n<ul>\n<li><strong>L\u1edbp l\u00f3t b\u00ean trong:<\/strong> L\u00e0m t\u1eeb v\u1eadt li\u1ec7u th\u1ea5m h\u00fat m\u1ed3 h\u00f4i, gi\u00fap gi\u1eef ch\u00e2n lu\u00f4n kh\u00f4 r\u00e1o, ng\u0103n ng\u1eeba m\u00f9i kh\u00f3 ch\u1ecbu v\u00e0 b\u1ea3o v\u1ec7 l\u00e0n da kh\u1ecfi c\u00e1c v\u1ea5n \u0111\u1ec1 nh\u01b0 ph\u1ed3ng r\u1ed9p.<\/li>\n<li><strong>H\u1ec7 th\u1ed1ng th\u00f4ng gi\u00f3:<\/strong> C\u00e1c l\u1ed7 tho\u00e1ng kh\u00ed \u0111\u01b0\u1ee3c thi\u1ebft k\u1ebf h\u1ee3p l\u00fd tr\u00ean b\u1ec1 m\u1eb7t gi\u00e0y, c\u1ea3i thi\u1ec7n lu\u1ed3ng kh\u00f4ng kh\u00ed l\u01b0u th\u00f4ng v\u00e0 duy tr\u00ec s\u1ef1 tho\u1ea3i m\u00e1i ngay c\u1ea3 trong nh\u1eefng tr\u1eadn \u0111\u1ea5u c\u0103ng th\u1eb3ng.<\/li>\n<\/ul>\n<h3><strong>Ph\u00f9 h\u1ee3p cho m\u1ecdi c\u1ea5p \u0111\u1ed9 ng\u01b0\u1eddi ch\u01a1i<\/strong><\/h3>\n<p>D\u00f9 b\u1ea1n l\u00e0 m\u1ed9t tay v\u1ee3t chuy\u00ean nghi\u1ec7p hay ch\u1ec9 ch\u01a1i tennis nh\u01b0 m\u1ed9t ho\u1ea1t \u0111\u1ed9ng gi\u1ea3i tr\u00ed, gi\u00e0y tennis nam \u0111\u1ec1u \u0111\u00e1p \u1ee9ng t\u1ed1t nhu c\u1ea7u c\u1ee7a b\u1ea1n. Thi\u1ebft k\u1ebf ch\u1eafc ch\u1eafn, tr\u1ecdng l\u01b0\u1ee3ng nh\u1eb9, c\u00f9ng kh\u1ea3 n\u0103ng h\u1ed7 tr\u1ee3 t\u1ed1i \u01b0u gi\u00fap ng\u01b0\u1eddi ch\u01a1i t\u1eadp trung ho\u00e0n to\u00e0n v\u00e0o tr\u1eadn \u0111\u1ea5u.<\/p>\n<p>Kh\u00f4ng ch\u1ec9 l\u00e0 m\u1ed9t s\u1ea3n ph\u1ea9m th\u1ec3 thao, gi\u00e0y tennis nam c\u00f2n mang \u0111\u1ebfn phong c\u00e1ch hi\u1ec7n \u0111\u1ea1i, ph\u00f9 h\u1ee3p c\u1ea3 tr\u00ean s\u00e2n \u0111\u1ea5u l\u1eabn c\u00e1c ho\u1ea1t \u0111\u1ed9ng th\u01b0\u1eddng ng\u00e0y.<\/p>\n<p>H\u00e3y l\u1ef1a ch\u1ecdn gi\u00e0y tennis nam \u0111\u1ec3 n\u00e2ng cao hi\u1ec7u su\u1ea5t, b\u1ea3o v\u1ec7 \u0111\u00f4i ch\u00e2n v\u00e0 kh\u1eb3ng \u0111\u1ecbnh phong c\u00e1ch tr\u00ean s\u00e2n \u0111\u1ea5u!<\/p>\n","protected":false},"excerpt":{"rendered":"<p>V\u1edbi s\u1ef1 k\u1ebft h\u1ee3p gi\u1eefa c\u00f4ng ngh\u1ec7 hi\u1ec7n \u0111\u1ea1i v\u00e0 phong c\u00e1ch th\u1eddi trang, gi\u00e0y tennis nam \u0111\u00e1p \u1ee9ng ho\u00e0n h\u1ea3o m\u1ecdi nhu c\u1ea7u c\u1ee7a ng\u01b0\u1eddi ch\u01a1i tr\u00ean s\u00e2n \u0111\u1ea5u.<\/p>\n","protected":false},"featured_media":2386,"comment_status":"open","ping_status":"closed","template":"","meta":[],"product_cat":[48,43],"product_tag":[37,44,29],"class_list":{"0":"post-2362","1":"product","2":"type-product","3":"status-publish","4":"has-post-thumbnail","6":"product_cat-giay","7":"product_cat-nam","8":"product_tag-giay","9":"product_tag-nam","10":"product_tag-tui-xach","11":"yith_product_brand-cabbage","14":"instock","15":"shipping-taxable","16":"purchasable","17":"product-type-simple"},"_links":{"self":[{"href":"https:\/\/8273.matbao.website\/index.php\/wp-json\/wp\/v2\/product\/2362"}],"collection":[{"href":"https:\/\/8273.matbao.website\/index.php\/wp-json\/wp\/v2\/product"}],"about":[{"href":"https:\/\/8273.matbao.website\/index.php\/wp-json\/wp\/v2\/types\/product"}],"replies":[{"embeddable":true,"href":"https:\/\/8273.matbao.website\/index.php\/wp-json\/wp\/v2\/comments?post=2362"}],"wp:featuredmedia":[{"embeddable":true,"href":"https:\/\/8273.matbao.website\/index.php\/wp-json\/wp\/v2\/media\/2386"}],"wp:attachment":[{"href":"https:\/\/8273.matbao.website\/index.php\/wp-json\/wp\/v2\/media?parent=2362"}],"wp:term":[{"taxonomy":"product_cat","embeddable":true,"href":"https:\/\/8273.matbao.website\/index.php\/wp-json\/wp\/v2\/product_cat?post=2362"},{"taxonomy":"product_tag","embeddable":true,"href":"https:\/\/8273.matbao.website\/index.php\/wp-json\/wp\/v2\/product_tag?post=2362"}],"curies":[{"name":"wp","href":"https:\/\/api.w.org\/{rel}","templated":true}]}}